et n(a) be the first derivative of a**3/3 + a**2/2 + 3*a - 86. What is n(x)?
23
Let s(a) = 3*a + 34. Suppose 218 = -33*g - 25*g - 420. Give s(g).
1
Let x(p) = -23*p**2 + 27*p - p**3 + 0*p**3 + 29*p**2 + 13 - 33*p. What is x(5)?
8
Let f(c) = -2983*c**3 - c - 17*c**2 - 2984*c**3 + 4*c + 5968*c**3 - 37. Determine f(17).
14
Let t(z) = 6*z - 93. Let c be -1*(-488)/36 - (-11)/(1881/76). Determine t(c).
-9
Let w(n) = -3*n**2 - 7*n + 8. Let u = 11 + -15. Let c(j) = j**2. Let l be ((70/(-10))/(-7))/(0 - 1). Let g(t) = l*w(t) + u*c(t). Calculate g(6).
-2
Suppose -177*m - 20 = 3*j - 176*m, 0 = 2*m - 2. Let t(y) = y**3 + 5*y**2 - 20*y - 28. Calculate t(j).
14
Let c(u) = 5*u**3 + 7*u**2 - 8*u - 12. Let y(i) = -5*i**2 - 2*i + 2. Let w(j) = c(j) + y(j). Calculate w(-1).
-3
Let a = 11803/6 - 1967. Let s(v) be the third derivative of 0 - 31*v**2 + 1/2*v**4 + 0*v + a*v**3. Give s(1).
13
Let i(d) = -10*d**2 - 6*d - 16. Let y(f) = -3*f**2 - 2*f - 5. Let n be 442/52 + -1*(-6)/(-4). Let r(x) = n*y(x) - 2*i(x). Calculate r(-4).
-11
Let m(x) = x**3 + 3*x**2 - 3*x - 5. Suppose -22*f + 23*f = 89. Let z = f - 164. Let s be (-5)/2*(-120)/z. Calculate m(s).
-9
Suppose -8*i = 2*i - 470. Suppose i - 29 = 6*o. Let t(y) = 5*y - 9 + o - 4*y - 3*y. Calculate t(-7).
8
Let h(m) = -8*m**2 + 6*m - 18. Let w(d) be the first derivative of -17*d**3/3 + 13*d**2/2 - 39*d + 258. Let a(q) = -13*h(q) + 6*w(q). Determine a(1).
2
Suppose 5*m + 2*z - 19 = 0, -z - 4*z = 15. Let f(s) = -2 - 7*s**2 + 1 - 17*s**2 + 23*s**2 + 5*s + m. What is f(7)?
-10
Let h(f) = -f**3 - 7*f**2 + 2*f + 2. Let b be (32 + 2)*1/4*-2. Let q be (b/(-4))/((-75)/20 + 4). Suppose 0 = -4*y + 2*y - 3*i - q, 5 = -5*i. Give h(y).
-12
Let p = -277 + 279. Let s(o) = 2*o**2 - o - 2. Let t(j) = -5*j**2 - 6*j - 5. Let m(q) = p*s(q) + t(q). Determine m(-7).
-2
Let a(r) be the first derivative of r**3 + 3/2*r**2 + 0*r + 28. Determine a(-3).
18
Let g(z) = z**3 + 4*z**2 - 7*z - 5. Let n = 33716 + -33721. What is g(n)?
5
Let p be -2 + (-35)/42 + (-50)/(-60). Let r(d) = 5*d**3 - 3*d**2 - 3*d + 3. Give r(p).
-43
Let b(n) = -2 + 8215*n - 10*n**2 + 0 - 8218*n. Give b(-1).
-9
Let z = 1236 + -1238. Let n(f) = -7*f + 6. Let u(a) = 15*a - 10. Let s(k) = 45*k - 31. Let h(b) = -3*s(b) + 8*u(b). Let j(v) = z*h(v) + 5*n(v). What is j(5)?
-21
Let b(c) = -161*c - 3. Let u be b(-1). Let o(m) = -m**2 + 163*m - m**2 + 6 - m**3 - u*m - 2*m**2. Let y = -90 - -85. What is o(y)?
6
Let p(y) be the second derivative of 2/3*y**3 - 5/24*y**4 - 1/60*y**5 - 31/2*y**2 - 26*y + 0. Let f(k) be the first derivative of p(k). What is f(-6)?
-2
Suppose -2042*z + 406 + 1636 = 0. Let w(k) = -3*k + k**2 + 0*k**3 - 8*k**3 + 2*k. Calculate w(z).
-8
Let l(h) be the third derivative of -h**5/60 - 5*h**4/12 + 17*h**3/6 + h**2 - 303. Let o be (-74)/6 + (-22)/(-66). What is l(o)?
-7
Let v = 1 + 4. Let s(j) = -4*j - 9. Let f(t) = t + 2. Let a(r) = -5*f(r) - s(r). Calculate a(v).
-6
Let p = 10523 - 10506. Let q(r) = r**3 - 16*r**2 - 13*r - 75. Determine q(p).
-7
Suppose 2*d + 2 = -2*q, -2*d - 5*q = -q + 4. Suppose -5*u + 31 = -d*u - 2*v, -v - 28 = -5*u. Let k(x) = x**2 - 3*x + 1. Calculate k(u).
11
Let c = -17199/10 - -1720. Let z(k) be the second derivative of 23*k - 1/12*k**4 - c*k**5 - 1/6*k**3 + 1/2*k**2 + 0. What is z(-2)?
15
Let a(w) be the third derivative of -w**5/60 + 3*w**4/8 + 13*w**3/3 - 364*w**2 - 2. Calculate a(10).
16
Let z(h) be the third derivative of 1/24*h**4 + 1/60*h**5 + h**2 + 1/120*h**6 - 143 - 7/6*h**3 + 0*h. What is z(0)?
-7
Let r(n) = 6 - 5*n - 13 - 7*n + 11*n - 11. Determine r(-17).
-1
Let s = -215 - -232. Let v(c) = 16 - 3*c + 5*c - s + c. Calculate v(-8).
-25
Let u be ((-4)/(-2))/1 - -355 - 1. Let r be (-1)/(-2*(-4 + 1422/u)). Let d = 86 + r. Let j(x) = x**2 - 4. Calculate j(d).
5
Let b(n) be the second derivative of n**5/20 + n**4/2 + n**3 - 3*n**2/2 + n - 175. Let f = -18 - -13. Give b(f).
-8
Let o(t) = -3*t + 3. Let m be 20*(-5)/30*-3. Suppose 0 = m*r - 14*r + 24. Determine o(r).
-15
Let o = -7 + 9. Let k(f) = 6*f - 7. Let t be (1*-2*-2)/(12 - 11). Let b(x) = -5*x + 6. Let y(d) = t*k(d) + 5*b(d). Determine y(o).
0
Let y(v) = 46 - 16 + 17*v**2 - 17 - 18*v**2 - v - 14. What is y(3)?
-13
Let f be -2 - 4 - (-4 + 20)*(-3)/2. Let y(h) = -h**3 + 18*h**2 + 2*h + 13. Determine y(f).
49
Let g = 1/4645 - -32513/9290. Let v(r) be the first derivative of 7/3*r**3 - g*r**2 - 1/4*r**4 - 14 - 2*r. Calculate v(5).
13
Let o = -275 + 288. Let f(w) = -7*w + 2*w**2 + 9*w + 2251*w**3 - 2252*w**3 + 8*w + 6*w**2 - o. Calculate f(9).
-4
Let n(i) = i**2 + 3*i - 1. Suppose -54 = 4*f + 2*f. Suppose l + l - 8 = 0. Let t = f + l. Give n(t).
9
Let a be (-4 - 0) + (-30)/(1/(-1)). Let l(c) = -a + c**2 + 21 - 8*c + 14*c + 4*c. Suppose 11*s - 8*s = -30. Determine l(s).
-5
Let d(y) = 3*y - 5. Let i be d(8). Suppose -m - 2*t = -11, -6*m + i = -2*m + 3*t. Let f(a) = -1 - 5*a - m + 88*a**2 - 94*a**2 - a**3. Calculate f(-5).
-2
Let w(f) = f**3 + 26 + 221*f**2 + 9 + 232*f**2 - 32*f - 459*f**2. What is w(9)?
-10
Let i(g) = -5*g + 103. Let z(j) = 14*j - 194. Let f(v) = 15*i(v) + 8*z(v). Give f(1).
30
Let t(v) = -v**3 + 25*v**2 + 27*v - 16. Let d = -736 - -762. Calculate t(d).
10
Let g(v) = v**2 + 7*v + 2. Let i = 673 - -224. Let f = i - 902. Calculate g(f).
-8
Let s(g) = -151*g + 1512. Let d be s(10). Let o = 20 + -8. Let x(t) = o*t - 11*t - t**d + 4*t - 5. What is x(4)?
-1
Let h(g) be the second derivative of g**3/6 + 9*g**2/2 + 229*g. Let z(m) = -m**3 + 3*m**2 + 2*m - 2. Let d be z(4). Give h(d).
-1
Let v = -253 - -259. Suppose -7*s - 41 + v = 0. Let y(a) be the first derivative of a**3/3 + 3*a**2/2 - a - 3. What is y(s)?
9
Let t = -12 + 52. Suppose t = 5*p - 3*p. Let s be ((-18)/15)/(4/p). Let i(o) = -2*o - 5. Determine i(s).
7
Let k(l) be the first derivative of l**4/4 - 9*l**2/2 + 9*l - 4209. Give k(2).
-1
Let l(p) = 4*p - 1. Let m be (3/(-6))/(2/988). Let q = 249 + m. What is l(q)?
7
Let i(d) be the first derivative of 14/3*d**3 + 13/2*d**2 - 183 + 1/4*d**4 - 5*d. Give i(-13).
-5
Suppose 0 = 4*a + 2*p - 86, -4*a - 28 + 111 = 5*p. Let k(j) = -a*j + 5*j + 11*j - 9 + 8*j. Give k(7).
5
Let b(v) be the second derivative of 5*v**3/6 - 11*v**2/2 + 6*v. Let r be b(3). Suppose -2 = r*h + 2*q, 3*h - q + 0 = -14. Let k(w) = 2*w - 4. Calculate k(h).
-10
Let d(w) = 8 - 2*w**2 - 8*w - 7*w**2 - 7869*w**3 + 15739*w**3 - 7871*w**3. What is d(-8)?
8
Suppose -20*c = -18*c - 144. Suppose 8*f + c = 26*f. Let s(j) = j**3 - 5*j**2 - 6*j + 6. Determine s(f).
-34
Let u(f) be the third derivative of -f**4/24 + 67*f**3/6 - 315*f**2 - 12. What is u(-24)?
91
Let b be (4/10)/(-16 + 2898/180). Let x(l) = 2*l**2 + 5*l - 41. Determine x(b).
11
Let x(p) be the first derivative of p**3/3 + 5*p**2/2 - 85*p + 2768. Calculate x(-12).
-1
Let w be 442/(-6) + 36/(-27). Let d be w/(-9) - (-2)/(-6). Let n(c) = c**2 - 3 + 14*c - d*c - 6*c. Determine n(3).
6
Let h(z) be the first derivative of z**4/4 - 2*z**3 - 3*z**2/2 + 8*z - 4940. Calculate h(7).
36
Let k(p) be the second derivative of p**5/20 + 7*p**4/12 + 2*p**3 + 5*p**2/2 - 3*p + 86. Calculate k(-5).
-5
Let x(c) = c**3 - 11*c**2 - 11*c - 15. Suppose 0 = -23*g + g + 660. Suppose 0 = -r + 42 - g. Determine x(r).
-3
Let i(b) = -b + 51 + 34*b - 177 - b**2 - 7*b. What is i(6)?
-6
Suppose -3284*r + 3266*r = -54. Let k(c) be the third derivative of 0 - 1/24*c**4 + 0*c - 1/60*c**5 + 2/3*c**r + 8*c**2. Calculate k(3).
-8
Let j(q) be the second derivative of 2*q**3 - 13*q**2 + 92*q. Let i(m) = -7*m + 13. Let x(b) = -5*i(b) - 3*j(b). Give x(12).
1
Let s be ((7 - -5) + -5)*1. Let w(n) = 6 + 2 - s - 13*n. Let l(r) = -6*r + 1. Let x(h) = 5*l(h) - 2*w(h). Calculate x(3).
-9
Let r(p) = -4*p + p**2 + 1 + 8 - 31 - 7*p. Determine r(12).
-10
Suppose -5*z - 65 = 5*q, -4*q = -q + 2*z + 38. Let i = -12 - q. Let v(c) = 2 - c**3 + c + c**2 - 3 + 0*c. Calculate v(i).
-1
Let y(i) = -i**2 + 3*i + 16. Let j(a) = 4*a - 2 - a**2 + 0*a + 20. Suppose 797 = 34*g + 933. Let o(k) = g*j(k) + 5*y(k). Calculate o(0).
8
Let s(o) = 4*o**2 - 4*o + 2. Suppose -10 = -13*f + 14*a - 17*a, 0 = -5*f - 5*a. Calculate s(f).
2
Let g(s) = -2*s**2 - 51*s - 29. Let n = 701 - 726. Calculate g(n).
-4
Let b(u) = 3*u - 11. Let w = -493 + 493. Determine b(w).
-11
Suppose -23*y - 540 = -1046. Let h(b) = -b**3 + 23*b**2 - 21*b -